208. Let u = c + -42. Is u a prime number?
False
Let j(v) = -2*v**3 - 7*v**2 - 4*v + 5. Is j(-4) composite?
False
Let n(i) = i**2 + 4*i - 3. Let d be n(-5). Suppose x - 4*v - 528 = -3*x, 0 = 2*v + d. Is x a prime number?
True
Let p = 641 - 282. Is p a composite number?
False
Suppose 3*j - 103 - 96 = -4*v, 0 = 3*j - 3. Is v composite?
True
Suppose 0*t + 3*k + 140 = t, 0 = 3*k + 9. Is t composite?
False
Is (-4)/4*(-59)/1 a prime number?
True
Suppose 3*t = t + 6. Suppose 0 = -2*a - h + 5, -5*h + 29 = -t*a + 4. Suppose -4*r + 24 + 116 = a. Is r a composite number?
True
Let r(w) = 68*w**3. Let b be r(1). Suppose -s = 3*z - b, z - 1 = 6*s - 2*s. Is z a prime number?
False
Suppose 0 = -3*u - 5*x + 4 + 7, u = 3*x - 1. Suppose -u*g - 9592 = 2*g. Is g/(-18) - 6/27 a composite number?
True
Suppose -1627 = -2*u - u + 4*g, 2*u - 4*g = 1086. Is u composite?
False
Let r = -7 - 3. Let k = r + 17. Let c(f) = -f**2 + 9*f + 8. Is c(k) a prime number?
False
Let q(h) = 29*h + 29. Let l(c) = 19*c + 19. Suppose 1 + 3 = 2*s, -s - 8 = -2*x. Let g(r) = x*q(r) - 8*l(r). Is g(-6) prime?
False
Is 5/(-15) - 3248/(-6) composite?
False
Let m be (-2)/(-6) - (-808)/6. Let g = 135 + -89. Let s = m - g. Is s a composite number?
False
Let v(w) = 24*w**2 - 14*w - 17. Is v(9) prime?
True
Let o = -2 + 4. Suppose 0 = 2*s + o*s - 56. Let m = 25 - s. Is m a composite number?
False
Let k be 11 + (-4)/((-12)/(-9)). Suppose -3*s = -25 - k. Is s composite?
False
Let h(k) = 124*k + 1. Let x(u) = 123*u + 1. Let m(q) = -5*h(q) + 6*x(q). Is m(1) a prime number?
False
Let y = 4 + -1. Let s(t) = 4*t**2 - 5*t + 4. Let n be s(y). Let b = 99 - n. Is b prime?
False
Let x be (-1)/(-1)*758 - -4. Let h = -539 + x. Is h composite?
False
Let l = -21 + 47. Is l a prime number?
False
Let w be -3 - 8*22/(-4). Let l = w - -18. Is l composite?
False
Let r(b) = 8*b**2 + 3*b. Is r(-7) composite?
True
Let y(u) be the third derivative of u**4/6 + u**3/3 - 2*u**2. Is y(6) composite?
True
Suppose 2*b = -4*s + 228, 5*s - 5*b - 302 = -2. Is s composite?
True
Let p(n) = -10*n - 75. Is p(-14) a prime number?
False
Let f be -6*((-8)/3)/(-4). Let q = 1 - f. Suppose q*j - 14 = 36. Is j prime?
False
Is 1 + (906 - 0/(-2)) prime?
True
Let i = 54 - -103. Is i prime?
True
Suppose -2*g + 3*g = 3*f - 12, -4*g - 6 = 2*f. Suppose f*h - 13 = -4. Suppose 0 = l + 1 + 4, -h*q - 4*l + 73 = 0. Is q prime?
True
Is (-2)/(-1) + (-680)/(-8) a composite number?
True
Let t be (-75)/(-18) - 1/6. Let p(k) = 2*k + 1. Is p(t) prime?
False
Let k(y) = -y**2 - 9*y + 6. Let v be k(-10). Let i(p) = -2*p - 1. Is i(v) prime?
True
Suppose 2*o - 4 = -0. Suppose -3*g - 2*r = -7*g + 10, 3*g = o*r + 5. Suppose -g*w - 77 = -3*c, 103 = 3*c + 2*c - 2*w. Is c composite?
False
Let r = 9 - 5. Suppose 0 = -r*l - 5 + 145. Is l a composite number?
True
Is (3016 - (1 + 0)) + (-3 - 1) prime?
True
Let d(o) = -o**3 - o**2 - o - 130. Suppose -3*s = -2*s - 5*z + 25, -z + 5 = -4*s. Let k be d(s). Let q = -51 - k. Is q a composite number?
False
Let v(f) be the third derivative of -7*f**4/6 + f**3/6 - 5*f**2. Is v(-3) a composite number?
True
Let f be 2 + (2 - 2/(-1)). Let c be (8/f)/((-2)/(-6)). Suppose c*l - 67 = -5*j, -23 = -2*l - 0*l + j. Is l a composite number?
False
Suppose 3*u - 5*u = -6. Let w(l) = 0 - 19*l**3 + 5*l**3 - 1 + 160*l**u. Is w(1) a prime number?
False
Is ((-1)/((-1)/17))/((-1)/(-3)) a composite number?
True
Suppose 3*x - 15 = 2*x - 3*a, -3*a = 2*x - 18. Let q(v) = v + 1 - 2*v - 5 - v**2 - 52*v**3 + x. Is q(-1) a prime number?
False
Suppose 5*p + 79 = 984. Is p prime?
True
Suppose -3*g + 87 = -5*n, 65 = 4*g + 3*n - 80. Is g a prime number?
False
Let b(z) = -3*z**3 + 3*z**2 - 6*z + 1. Is b(-8) prime?
True
Let w(h) = h**2 + 15*h - 53. Is w(28) a composite number?
False
Suppose -a + 2*a + 2 = 0. Let w(p) = 90*p**2 + 5*p + 3. Is w(a) a composite number?
False
Let g = -388 - -941. Let o = 208 - 502. Let w = o + g. Is w a composite number?
True
Let u = -9 - -12. Is ((-148)/(-3))/4*u a prime number?
True
Let b(x) = -x**3 + 20*x**2 - 13*x - 5. Is b(11) a prime number?
True
Is 21/(-14)*1588/(-6) a prime number?
True
Suppose -4*m - 4*j + 7008 = 0, 5*j = -7 - 18. Is m a composite number?
True
Let g = -2 + 5. Is 21 + (g/(-3) - -2) a prime number?
False
Let p = -2675 + 5596. Is p a prime number?
False
Suppose -2*c + 4*c = 990. Suppose 2*f = c - 167. Suppose 0 = 5*r - 21 - f. Is r composite?
False
Let n = -298 + 425. Is n prime?
True
Suppose w - 6 = -2*g + 31, 4*w - 29 = -g. Suppose 2*a - g = 21. Is a prime?
True
Let g(v) = -35*v**3 - 4*v**2 + 4*v - 7. Is g(-4) a prime number?
True
Suppose 20*o - 2103 = 17*o. Is o composite?
False
Let r(h) = 22*h**2 + 2*h + 1. Let x be r(2). Let b = 156 - x. Suppose -2*o + 75 = -b. Is o a composite number?
True
Suppose y = -5*s + 2455, 0 = 3*y + y - 3*s - 9705. Suppose -3*q + 2812 = 5*c - y, 5*c + q = 5244. Is c a prime number?
True
Suppose -m + 315 = 2*m. Suppose 3*n = -2*n + m. Is n a prime number?
False
Let u be (3 + 0 + -2)*0. Is 9*19 + -2 + u a prime number?
False
Suppose -25 = 5*z, 2*s - 23 + 1 = 4*z. Let r be (22/6)/(s/3). Suppose g = 4*c - r, 5*g + 3 = 3*c - 18. Is c composite?
False
Let l = -23 + 26. Suppose -2*m = 5*h - 55 - 150, -l*h = 3*m - 294. Is m composite?
True
Let o = 426 - 296. Let t = o - 71. Is t composite?
False
Suppose 5 = 5*i + n, 4*i - 5*n + 14 = -11. Let r(p) = p**3 - p - 2. Let g be r(i). Is 1*g*1 - -55 a prime number?
True
Suppose 4*j - 5*w = 1488, 1147 = 3*j - 2*w + 6*w. Suppose q - 190 = -f, -q = 2*f - 4 - j. Is f composite?
False
Suppose 3*m + 0*m - 3 = 2*h, 0 = 3*h + 3*m - 33. Suppose h*c = 3*c - 4*d + 881, -4*c + 3*d + 1133 = 0. Is c prime?
False
Let t(h) = -1 - h**2 - 2*h + 16 - 10*h. Is t(-11) a prime number?
False
Let g be (0 + -2)/(2/5). Let y(f) = -25*f - 4. Let z be y(g). Let a = -54 + z. Is a composite?
False
Is (-5028)/(-18)*3/2 composite?
False
Suppose 2*f - f = 0. Suppose -3*o + 447 = -f*o. Is o composite?
False
Let a(g) = -15*g**3 + 2*g**2 + 2*g - 1. Is a(-2) a composite number?
True
Suppose 0*f - 2 = -f + 2*n, 3*f + 2*n + 2 = 0. Suppose z - 275 - 182 = f. Is z prime?
True
Let u be (-2 - 2/(-2))*-28. Suppose -s + 6*s = t + u, -2*s + t = -13. Suppose -3*m - 74 = -s*m. Is m composite?
False
Let o = 1106 - 541. Is (o/(-10))/((-2)/4) prime?
True
Suppose -3*h + 6*f - 2*f + 25 = 0, -h + f = -8. Suppose 0 = -2*p + h*p. Suppose n + p*n = -4*b + 57, 106 = 2*n + 4*b. Is n composite?
True
Is (-2 + 1)*(-16155)/15 a composite number?
True
Suppose 2*l - 255 = -l. Is l prime?
False
Suppose 2*b - l = 538, -b + 263 = -3*l + l. Is b composite?
False
Let a(q) = -15*q**3 - 3*q**2 + q + 4. Let c be a(-2). Suppose 3*r + 4*u - c = 6*u, -u = 5*r - 166. Is r a prime number?
False
Is 1*(-12)/66 - (-48237)/11 a prime number?
False
Let p(z) = z**3 + 9*z**2 - 9*z + 12. Let a be p(-10). Suppose 5*l + 3*s = 409, -5*l + s = a*s - 413. Is l a prime number?
True
Suppose 5*k = -5*h + 2225, -5*h + 884 = k + k. Is k a prime number?
False
Is (-3 - -1180) + 2*2 composite?
False
Let c(q) = -148*q + 2. Is c(-2) a composite number?
True
Let j = -120 - -189. Is j a composite number?
True
Let q = 331 - -862. Is q a composite number?
False
Let v = -19 + 32. Suppose -3*f + 4 - v = 0. Is 3*f/(-12)*44 prime?
False
Suppose -5*h = -2823 + 468. Is h composite?
True
Let b(a) = 3*a + 5. Let p be b(12). Suppose 3*x - 214 = p. Is x a prime number?
False
Let v be 24/(-16) + (-375)/(-2). Suppose 3*z = 723 - v. Is z a prime number?
True
Let r = 38 + 55. Suppose 3*u - 6 = 0, -3*q + r + 80 = 4*u. Is q prime?
False
Let m = -135 + 71. Let h = m + 99. Is h prime?
False
Let n(w) = -w - 2. Let m be n(-2). Suppose -12 = -5*c + c. Suppose 4*s + s + c*l = 184, m = -2*s + 5*l + 86. Is s prime?
False
Suppose 0 = -3*p - l + 2616, 0 = -3*p - p + l + 3481. Is p prime?
False
Let n(r) = 3*r. Let b(t) = 14*t + 1. Let y(f) = -2*b(f) + 11*n(f). Is y(7) prime?
False
Let k = 144 + 47. Is k a prime number?
True
Suppose 0 = 2*d - 1405 + 443. Is d prime?
False
Let m(z) = 5*z**2 - 3*z + 1. Suppose 0 = 3*u + 5*g - 22, -3*g + 22 = 2*u + 2*u. Let l be m(u). Suppose 2*h = -h + l. Is h a composite number?
False
Let y = -112 - -186. Is y a prime number?
False
Let v(m) = m + 1. Let y be v(1). Is (6/(-4))/(y/(-76)) prime?
False
Let k(u) = -1 + 3 - 7*u - 4. Is k(-4) prime?
False